{"id":78,"date":"2020-03-28T13:14:56","date_gmt":"2020-03-28T12:14:56","guid":{"rendered":"http:\/\/absnap.com\/?page_id=78"},"modified":"2025-12-17T08:43:03","modified_gmt":"2025-12-17T07:43:03","slug":"impressum","status":"publish","type":"page","link":"https:\/\/absnap.com\/?page_id=78","title":{"rendered":"Impressum"},"content":{"rendered":"\n<p style=\"font-size:15px\">Andr\u00e9 B\u00f6hme<\/p>\n\n\n\n<p style=\"font-size:15px\">Paulahof 5<br \/>06259 Frankleben<br \/>Sachsen-Anhalt<br \/>Deutschland<\/p>\n\n\n\n<p style=\"font-size:15px\">Ausr\u00fcstung:<\/p>\n\n\n\n<ul class=\"wp-block-list\">\n<li>Nikon Z f, Nikon Z fc, Nikon Z 50 und Nikon Z 30<\/li>\n\n\n\n<li>Sony Alpha 6400<\/li>\n\n\n\n<li>Fujifilm X half<\/li>\n\n\n\n<li>Leica Sofort 2<\/li>\n\n\n\n<li>Pentax 17<\/li>\n\n\n\n<li>Minolta X-300<\/li>\n\n\n\n<li>diverse Nikon- und Sony-Objektive, Filter und Stative<\/li>\n<\/ul>\n\n\n\n<p><a href=\"http:\/\/absnap.com\/?page_id=98\">Datenschutzerkl\u00e4rung<\/a><\/p>\n","protected":false},"excerpt":{"rendered":"<p>Andr\u00e9 B\u00f6hme Paulahof 506259 FranklebenSachsen-AnhaltDeutschland Ausr\u00fcstung: Datenschutzerkl\u00e4rung<\/p>\n","protected":false},"author":1,"featured_media":0,"parent":0,"menu_order":9,"comment_status":"closed","ping_status":"closed","template":"","meta":{"footnotes":""},"class_list":{"0":"post-78","1":"page","2":"type-page","3":"status-publish","4":"hentry","5":"","6":"blog-left-layout","7":"blog-style-postblock","9":"blog-alt-odd"},"_links":{"self":[{"href":"https:\/\/absnap.com\/index.php?rest_route=\/wp\/v2\/pages\/78","targetHints":{"allow":["GET"]}}],"collection":[{"href":"https:\/\/absnap.com\/index.php?rest_route=\/wp\/v2\/pages"}],"about":[{"href":"https:\/\/absnap.com\/index.php?rest_route=\/wp\/v2\/types\/page"}],"author":[{"embeddable":true,"href":"https:\/\/absnap.com\/index.php?rest_route=\/wp\/v2\/users\/1"}],"replies":[{"embeddable":true,"href":"https:\/\/absnap.com\/index.php?rest_route=%2Fwp%2Fv2%2Fcomments&post=78"}],"version-history":[{"count":18,"href":"https:\/\/absnap.com\/index.php?rest_route=\/wp\/v2\/pages\/78\/revisions"}],"predecessor-version":[{"id":222,"href":"https:\/\/absnap.com\/index.php?rest_route=\/wp\/v2\/pages\/78\/revisions\/222"}],"wp:attachment":[{"href":"https:\/\/absnap.com\/index.php?rest_route=%2Fwp%2Fv2%2Fmedia&parent=78"}],"curies":[{"name":"wp","href":"https:\/\/api.w.org\/{rel}","templated":true}]}}